-33
What is the value of (-154 - -181) + -12 + 3 + -4 + 6?
20
What is (62 + 1 - (-113 + 120)) + 0?
56
What is the value of (-62 - (2 - 5)) + (-814 - -849)?
-24
Evaluate 2 + -11 + (-5 + 12 - 9) + 64.
53
What is 69 + -101 + 75 - 23?
20
Evaluate (-2 - (3 - 43 - -1)) + -2046 + 2065.
56
Calculate -41 - (-37 + (21 - 14)) - 24.
-35
What is (-680 - -663) + -67 + -1 - -21?
-64
Evaluate (39 - 36 - -5) + -46.
-38
What is the value of 72 + (0 - -23 - ((-5 - 60) + 79))?
81
What is the value of -58 - (-10 + (10 + 3 - -7))?
-68
Evaluate 83 + (-238 - -134) + -59.
-80
What is the value of 1 + 3 + (125 + -83 - 149) - (6 - -1)?
-110
Calculate 410 - 419 - (-2 - (-2 - 2)) - -13.
2
Calculate (-645 - -633) + (-4 - -3) + -14.
-27
Calculate (-4 - 1 - 6) + (45 - 39).
-5
Calculate 6 + (42 - (-45 + 72)) + 43.
64
What is the value of (5 + -24 + 11 - -10 - -2) + -5?
-1
What is 11 - (8 + 64 + (10 - (-7 - -15)))?
-63
Calculate 365 + -346 + 47 + -1 + -17.
48
Evaluate 7 + -29 + 16 - (-2 + 18).
-22
What is 18 - 98 - -82 - (0 + 77)?
-75
(-31 - -4 - -14) + (-6 - 0) + 57
38
Calculate 13 + -133 + 117 + -114.
-117
What is 6 - ((53 - -1) + 32 + (-38 - 5))?
-37
Evaluate -13 + 25 + -15 + -2 - -20 - 141.
-126
What is the value of 1 - 13 - ((16 - 30) + 2) - -7?
7
What is the value of 81 - (42 - (-11 + 13))?
41
Calculate -94 + (19 - 44 - -62 - 13).
-70
Calculate -4 + (-4 - (7 - 25)) - (0 + -8 + 54).
-36
What is the value of 12 - (25 - 28) - -6?
21
What is the value of -26 + (18 - 6) + -8 - (20 - (-30 + 54))?
-18
Evaluate -3 + (-1 - -1 - -4) + 13 - (-5 + 11).
8
What is 141 - 395 - -247 - (8 - -1)?
-16
Evaluate -13 + 17 + -62 - -35.
-23
What is the value of 4 + 3 + -2 + -35 + (-37 - -31)?
-36
What is the value of -1 - -71 - (-697 - -735)?
32
18 - (-17 - -33) - -79
81
Calculate (54 - 1) + -14 + -10 + 8 + 5.
42
What is the value of 6 - ((195 - 73) + -33)?
-83
Evaluate (-46 - -50 - (-4 + (17 - -1))) + 3.
-7
What is the value of (-63 - (11 - (20 + -27)) - (0 + 8)) + 10?
-79
What is -11 - -2 - (-12 + -41 + 12 + 78)?
-46
-6 + -38 + (-30 - -35)
-39
Evaluate 13 + (-3 - 14 - (-1 - 20)).
17
What is the value of -9 - (0 + -10) - ((-7 - -12) + -74)?
70
What is 47 + (-18 - 0 - (220 - 242)) + (-8 - 0)?
43
What is 23 + -16 - (-685 - -628)?
64
What is 1 + -72 - ((-29 - -14) + (3 - -29))?
-88
Calculate -87 + -44 + (14 - -47).
-70
8 - (-70 + 61 + 27 - (10 - -1))
1
What is 177 + -109 - 53 - (22 + 0)?
-7
Evaluate (0 - -7) + 16 + -8.
15
What is the value of -12 - ((-1 - (-3 + 26)) + (90 - 79))?
1
Calculate 18 + -42 + 37 - 108 - -19.
-76
What is (-7 - 14) + 25 + -47 + 20?
-23
Calculate 37 + (-9 - (-11 - 2)) + -12 + 9.
38
What is (0 - 57) + (-13 - -24 - (-57 + 52))?
-41
3 + (-4 - -3) + (-5 - (-7 + 0))
4
What is -108 - (-97 - (4 + -31))?
-38
Evaluate -37 + (10 - (-13 + 14)) + 11.
-17
Calculate (40 - 15) + -13 + (4 + 9 - 1) + -14.
10
What is the value of 51 - (32 + (3 - -19) + -66)?
63
Calculate 3 - (8 - (13 + (13 - 11))) - -7.
17
What is 4 + (-9 - (5 - 9 - 4)) - 13?
-10
Calculate -22 + (5 - ((-16 - -14) + -2)) + -9 + 2.
-20
What is the value of 52 + 19 + (5 - (-6 + (6 - -7)))?
69
(3 - -8) + 8 + -4 - -14
29
Calculate -86 + -2 + 2 - ((-116 - -117) + (-12 - 0)).
-75
What is -39 + (0 - 1) - (-12 + 29 + -2 + -18)?
-37
(-125 - (-25 - 129)) + -35
-6
Calculate (-31 - -10) + 13 - 11 - 32 - 3.
-54
1 + 12 + 2 + -7 - (-9 - -5)
12
What is the value of 64 + 33 + (-10 - 20) + 19?
86
What is (36 - (-13 + 4 + 20)) + -6 - 98?
-79
Calculate (13 + (-13 - 3) - (32 - 5)) + -9 + 1.
-38
14 + (67 + -23 - 32)
26
331 + -307 - (92 + -2) - -7
-59
What is -222 - -227 - (-13 + 8 - 59)?
69
Evaluate 62 + -112 + 92 + -131.
-89
Evaluate (-3 - -25) + (20 - 5 - (-29 + 50)).
16
Evaluate 10 + (64 - 109 - (-1 + -4 + 10)).
-40
Calculate (240 - 227) + (-1 - 13) + 33.
32
-2 + (42 - 6) - (129 - 128)
33
Evaluate -19 - (-33 - (-58 + -11 + 45)).
-10
Calculate 25 + 51 + 22 + (0 - (-6 + 5)) + -5.
94
Evaluate (7 - -37) + -14 + -40.
-10
What is the value of 1 + -1 + 138 + -89 + -49 + (-19 - 0)?
-19
Evaluate 10 + 3 + (-76 - -4 - (2 + -8 + 12)).
-65
-3305 + 3236 + (0 - -166)
97
Calculate 28 + -11 - (-38 - -10 - -1 - 13).
57
Evaluate (-3 + (4 - 2) - -6) + (15 - -8).
28
Evaluate 32 - 11 - (-39 + 74) - ((2 - 3) + -4).
-9
What is the value of (-12 + -35 + 24 - 0) + -7?
-30
What is 4 + (11 + 27 - (-4 - (4 - 9)))?
41
116 - (-69 - -40 - (3 - 72))
76
Evaluate -15 - (-7 - (-14 - -11 - 2)).
-13
Calculate (0 - 6) + 1 + (-62 + 49 - (6 + -35)).
11
(5 - 4) + 55 + (-11 - (115 + -108))
38
What is the value of -95 + -4 + -4 + 8 + (-314 - -299)?
-110
Calculate (71 - 207) + 163 + (30 - 0).
57
What is (-9 - (19 - (-10 + -3 + 30))) + 125?
114
What is -66 + (-93 - -160) + -17?
-16
Calculate (10 - (-76 - -165)) + 148.
69
What is the value of (-3 - -20 - -3) + 2 + (93 - 46) + -36?
33
(3 + -65 - 0) + (-26 - (-55 + 20))
-53
Calculate -29 + 3 + -5 + 14 + 68 + 25.
76
19 - (-23 + 97) - -89
34
Calculate -69 + (-6 - 2 - (214 + -233)).
-58
Calculate 7 + -33 - (1710 - 1651).
-85
What is the value of -14 - (4 + -13 + 6) - -2 - (-6 + -1)?
-2
Calculate (-921 - -933) + -20 + 3.
-5
What is the value of 66 - ((16 - (-11 - -13)) + (-16 - -12))?
56
What is the value of 4 + -87 + 3 - (-555 - -544)?
-69
What is the value of -11 - (-12 + 7 - 1) - (2 - 21)?
14
Calculate -28 + 1 - ((-30 - 93) + 71).
25
Evaluate -43 + 6 - (45 - 4 - 51).
-27
(8 - -1) + -8 + -9 + 24 + -50
-34
3 - -24 - (7 + 8 - 55)
67
Calculate -8 + (-6 - -10) + (-9 + -5 - -4).
-14
Calculate 6 + 3 + 1 + -16 + 27 + -10 + -52.
-41
What is (0 - (2 + 17)) + (-11 - -73) + -49?
-6
Evaluate 3 + 36 + -28 + -2.
9
What is -15 - ((39 - -2) + -6)?
-50
What is 79 - ((-173 - -170) + (17 - (4 + 0)))?
69
Evaluate 205 + -272 - (9 - -44).
-120
Evaluate -25 - (47 - (-6 - -55)).
-23
Calculate -1 + 150 + -229 + 105 + 92.
117
Evaluate 51 - 47 - -30 - (-25 + 6).
53
19 + -5 + (-12 - -1) + 16
19
-4 + 14 - (10 - ((-11 - -13) + 15 + -19))
-2
What is 8 + 14 + (-53 + 1 - (352 + -340))?
-42
What is 310 + -332 + (-19 - 1) - 14?
-56
Calculate 53 + -70 + 36 + 7.
26
Calculate (-81 - -69) + -77 + (-10 - -1) + 11.
-87
What is -103 + (-35 + -8 - -86) + -11?
-71
What is the value of -1340 + 1299 - (-68 - 2)?
29
Calculate 10 + (31 - 79 - ((7 - 2) + -10 + 2)).
-35
What is the value of 574 - 570 - (38 + 3 + -2)?
-35
Evaluate (0 - 23) + -17 + 3.
-37
Evaluate 2 - (17 + 0 + -2 - (25 + -13)).
-1
-4 + 1 + (76 - 29) + -47 + (-1 - 19)
-23
Evaluate -104 - (-105 - (0 - -83)).
84
Evaluate (-14 + -2 - (-4 - -1)) + (-812 - -802).
-23
What is 52 + (89 - 55 - 57)?
29
Calculate 19 - -1 - (-598 + 591).
27
(5 - -17) + 12 - (-1 + (-5 - 2) + -3)
45
-91 + 24 + -26 + 21 + -1 + -3
-76
(30 - 31 - -27) + -2 + -34
-10
Evaluate (0 - -81) + (-97 - -214) + -104.
94
Calculate (-211 - -209) + 25 + -25.
-2
What is the value of -80 + 103 + (20 - 0)?
43
Evaluate 1 - 68 - ((5 - 7) + -23 + 1 + 33).
-76
64 + -80 - (-15 - (-2 - 0)) - 31
-34
What is -65 - -198 - 63 - 93?
-23
Calculate -6 - 2 - (6 - (2 + -27 - (5 - -8))).
-52
Calculate -11 - -2 - (121 - 34) - (3 + (6 - 2)).
-103
What is the value of 9 - 3 - (22 - (-2 - (23 + -25)))?
-16
Evaluate -33 + -4 - (399 - 408).
-28
Evaluate 66 + (-24 - 27) + -41.
-26
Evaluate 2507 - 2519 - (41 + (0 - 0)) - (-1 - -1).
-53
13 + -29 + 14 + 30 - -29
57
What is -12 - ((136 - 83) + (-2 - -3)) - -21?
-45
Evaluate (78 - (37 + -36)) + -7 + 9.
79
What is the value of (51 + 18 - (-4 - -3)) + (7 - 7) + 6?
76
Evaluate 11406 + -11410 - (2 + -71 + -2).
67
-8 + 7 + 3 - (-170 - -150)
22
-36 - (-66 - (68 + -97))
1
Evaluate 21 - (-7 + 44) - (1 + -6 + 3).
-14
What is 19 + -38 + 19 - ((-2 - 1) + -2)?
5
-24 + (-24 - (27 - 47))
-28
Evaluate 35 - ((-29 + 28 - (-2 + 13)) + 2 - -14).
31
Evaluate 58 + (58 - 114) + (-3 - 0 - -29).
28
What is 106 - (-49 + 58 + -36 - -35)?
98
Calculate 4 - (86 + -19 + -33).
-30
Calculate -7 + -8 + 1 + -6 + -9.
-29
Calculate (0 - 0 - 4) + (82 - ((-31 - -16) + 10)).
83
Evaluate -11 + -15 + 6 - -13 - (-3 - 9).
5
Evaluate (-2 - -20) + -200 + 117 + 93.
28
What is -83 + 106 + -1 + -9 + 90?
103
5 - (17 + 61 + 12 + -32)
-53
What is the value of 16 - (-6 - (22 - 25))?
19
What is (217 + 444 - 670) + (0 - 91 - -1)?
-99
Evaluate 8 - (66 - 18 - 76).
36
What is 195 + -171 - (-20 - -1)?
43
Evaluate (-9 - -20 - 33) + (4 - -22).
4
-118 + 121 - ((24 - 9) + 5)
-17
Evaluate 57 + (-7 - -2) - (-3 